INSERT INTO MPDBINFO (INFOKEY, INFOVAL) VALUES ('VERSION', '4.21');
INSERT INTO MPDBINFO (INFOKEY, INFOVAL) VALUES ('APPLICATION', 'SALESAREA');

INSERT INTO ACCOUNTTYPE(ACCOUNTTYPEID,ACCOUNTTYPENAME,ACCOUNTTYPEVALUE,ACCOUNTKINDVALUE,MAXCREDIT,DELFLAG,UPDATENUM)  VALUES(1,'Бонусный',1,0,0,0,1);
INSERT INTO ACCOUNTTYPE(ACCOUNTTYPEID,ACCOUNTTYPENAME,ACCOUNTTYPEVALUE,ACCOUNTKINDVALUE,MAXCREDIT,DELFLAG,UPDATENUM)  VALUES(2,'Накопительный',1,0,0,0,1);

INSERT INTO PKHOLDER (TABLENAME,FIELDNAME,LASTPK) VALUES ('DISCOFFER','DISCOFFERID',0);
INSERT INTO PKHOLDER (TABLENAME,FIELDNAME,LASTPK) VALUES ('OFFER','OFFERID',0);
INSERT INTO PKHOLDER (TABLENAME,FIELDNAME,LASTPK) VALUES ('FIRM','FIRMID',0);
INSERT INTO PKHOLDER (TABLENAME,FIELDNAME,LASTPK) VALUES ('SAREA','SAREAID',0);
INSERT INTO PKHOLDER (TABLENAME,FIELDNAME,LASTPK) VALUES ('PRCLEVEL','PRCLEVELID',0);
INSERT INTO PKHOLDER (TABLENAME,FIELDNAME,LASTPK) VALUES ('CASHPROFILE','CASHPROFILEID',0);
INSERT INTO PKHOLDER (TABLENAME,FIELDNAME,LASTPK) VALUES ('ART','ARTID',0);
INSERT INTO PKHOLDER (TABLENAME,FIELDNAME,LASTPK) VALUES ('GRP','GRPID',0);
INSERT INTO PKHOLDER (TABLENAME,FIELDNAME,LASTPK) VALUES ('SDEPT','SDEPTID',0);
INSERT INTO PKHOLDER (TABLENAME,FIELDNAME,LASTPK) VALUES ('PACK','PACKID',0);
INSERT INTO PKHOLDER (TABLENAME,FIELDNAME,LASTPK) VALUES ('TARE','TAREID',0);
INSERT INTO PKHOLDER (TABLENAME,FIELDNAME,LASTPK) VALUES ('TAXGRP','TAXGRPID',0);
INSERT INTO PKHOLDER (TABLENAME,FIELDNAME,LASTPK) VALUES ('TAX','TAXID',0);
INSERT INTO PKHOLDER (TABLENAME,FIELDNAME,LASTPK) VALUES ('UNIT','UNITID',0);
INSERT INTO PKHOLDER (TABLENAME,FIELDNAME,LASTPK) VALUES ('BARC','BARCID',0);
INSERT INTO PKHOLDER (TABLENAME,FIELDNAME,LASTPK) VALUES ('EXBARC','EXBARCID',0);
INSERT INTO PKHOLDER (TABLENAME,FIELDNAME,LASTPK) VALUES ('DISC','DISCID',0);
INSERT INTO PKHOLDER (TABLENAME,FIELDNAME,LASTPK) VALUES ('CLNTGRP','CLNTGRPID',0);
INSERT INTO PKHOLDER (TABLENAME,FIELDNAME,LASTPK) VALUES ('CLNT','CLNTID',0);
INSERT INTO PKHOLDER (TABLENAME,FIELDNAME,LASTPK) VALUES ('ARTHOTKEY','ARTHOTKEYID',0);
INSERT INTO PKHOLDER (TABLENAME,FIELDNAME,LASTPK) VALUES ('ARTHOTKEYSET','ARTHOTKEYSETID',0);
INSERT INTO PKHOLDER (TABLENAME,FIELDNAME,LASTPK) VALUES ('CASHIER','CASHIERID',0);
INSERT INTO PKHOLDER (TABLENAME,FIELDNAME,LASTPK) VALUES ('CASHIERGRP','CASHIERGRPID',0);
INSERT INTO PKHOLDER (TABLENAME,FIELDNAME,LASTPK) VALUES ('SAUSERPROFILE','SAUSERPROFILEID',0);
INSERT INTO PKHOLDER (TABLENAME,FIELDNAME,LASTPK) VALUES ('SAUSER','SAUSERID',0);
INSERT INTO PKHOLDER (TABLENAME,FIELDNAME,LASTPK) VALUES ('LOCALSAMGRDEVICE','LOCALSAMGRDEVICEID',0);
INSERT INTO PKHOLDER (TABLENAME,FIELDNAME,LASTPK) VALUES ('STRINGS','STRINGID',1);
INSERT INTO PKHOLDER (TABLENAME,FIELDNAME,LASTPK) VALUES ('NUMBERS','NUMBERID',2);
INSERT INTO PKHOLDER (TABLENAME,FIELDNAME,LASTPK) VALUES ('PROPERTYGRP','PROPERTYGRPID',0);
INSERT INTO PKHOLDER (TABLENAME,FIELDNAME,LASTPK) VALUES ('SYSLOGPROFILE','SYSLOGPROFILEID',0);
INSERT INTO PKHOLDER (TABLENAME,FIELDNAME,LASTPK) VALUES ('COMPANYGRP','COMPANYGRPID',0);
INSERT INTO PKHOLDER (TABLENAME,FIELDNAME,LASTPK) VALUES ('COMPANY','COMPANYID',0);
INSERT INTO PKHOLDER (TABLENAME,FIELDNAME,LASTPK) VALUES ('WAREHOUSE','WAREHOUSEID',0);
INSERT INTO PKHOLDER (TABLENAME,FIELDNAME,LASTPK) VALUES ('MODGRP'         ,'MODGRPID',0);
INSERT INTO PKHOLDER (TABLENAME,FIELDNAME,LASTPK) VALUES ('PRN'            ,'PRNID',0);
INSERT INTO PKHOLDER (TABLENAME,FIELDNAME,LASTPK) VALUES ('PRNGRP'         ,'PRNGRPID',0);
INSERT INTO PKHOLDER (TABLENAME,FIELDNAME,LASTPK) VALUES ('BINARYDATA'     ,'BINARYDATAID',0);
INSERT INTO PKHOLDER (TABLENAME,FIELDNAME,LASTPK) VALUES ('EXTGRP'         ,'EXTGRPID',0);
INSERT INTO PKHOLDER (TABLENAME,FIELDNAME,LASTPK) VALUES ('TXTBIN'         ,'TXTBINID',0);
INSERT INTO PKHOLDER (TABLENAME,FIELDNAME,LASTPK) VALUES ('HALL'           ,'HALLID',0);
INSERT INTO PKHOLDER (TABLENAME,FIELDNAME,LASTPK) VALUES ('PLACE'          ,'PLACEID',0);
INSERT INTO PKHOLDER (TABLENAME,FIELDNAME,LASTPK) VALUES ('PRNSCHEME'      ,'PRNSCHEMEID',0);
INSERT INTO PKHOLDER (TABLENAME,FIELDNAME,LASTPK) VALUES ('TRFSCHEME'      ,'TRFSCHEMEID',0);
INSERT INTO PKHOLDER (TABLENAME,FIELDNAME,LASTPK) VALUES ('TRFTIME'        ,'TRFTIMEID',0);
INSERT INTO PKHOLDER (TABLENAME,FIELDNAME,LASTPK) VALUES ('BONUS'          ,'BONUSID',0);
INSERT INTO PKHOLDER (TABLENAME,FIELDNAME,LASTPK) VALUES ('BONUSOFFER'     ,'BONUSOFFERID',0);
INSERT INTO PKHOLDER (TABLENAME,FIELDNAME,LASTPK) VALUES ('SALEOFFER'      ,'SALEOFFERID',0);
INSERT INTO PKHOLDER (TABLENAME,FIELDNAME,LASTPK) VALUES ('CURRENCY'       ,'CURRENCYID',0);
INSERT INTO PKHOLDER (TABLENAME,FIELDNAME,LASTPK) VALUES ('ACCOUNTTYPE'    ,'ACCOUNTTYPEID',0);
INSERT INTO PKHOLDER (TABLENAME,FIELDNAME,LASTPK) VALUES ('PAYMENTSCHEME'  ,'PAYMENTSCHEMEID',0);
INSERT INTO PKHOLDER (TABLENAME,FIELDNAME,LASTPK) VALUES ('LOYALTYCLUB'    ,'LOYALTYCLUBID',0);
INSERT INTO PKHOLDER (TABLENAME,FIELDNAME,LASTPK) VALUES ('CLNTFORM'       ,'CLNTFORMID',0);
INSERT INTO PKHOLDER (TABLENAME,FIELDNAME,LASTPK) VALUES ('MSGSUBCOND'     ,'MSGSUBCONDID',0);


INSERT INTO SAUSERPROFILE (SAUSERPROFILEID, SAUSERPROFILENAME, DELFLAG, UPDATENUM) VALUES   (1, 'Супервизор', 0, 1);
INSERT INTO SAUSERPROFILE (SAUSERPROFILEID, SAUSERPROFILENAME, DELFLAG, UPDATENUM) VALUES   (2, 'Оператор', 0, 1);
INSERT INTO SAUSERPROFILE (SAUSERPROFILEID, SAUSERPROFILENAME, DELFLAG, UPDATENUM) VALUES   (3, 'Старший оператор', 0, 1);

INSERT INTO SAUSERPVG (SAUSERPVGKEY, SAUSERPROFILEID, SAUSERPVGVALUE, DELFLAG, UPDATENUM) VALUES  (1, 1, 63, 0, 1);
INSERT INTO SAUSERPVG (SAUSERPVGKEY, SAUSERPROFILEID, SAUSERPVGVALUE, DELFLAG, UPDATENUM) VALUES  (1, 2, 1, 0, 1);
INSERT INTO SAUSERPVG (SAUSERPVGKEY, SAUSERPROFILEID, SAUSERPVGVALUE, DELFLAG, UPDATENUM) VALUES  (1, 3, 1, 0, 1);
INSERT INTO SAUSERPVG (SAUSERPVGKEY, SAUSERPROFILEID, SAUSERPVGVALUE, DELFLAG, UPDATENUM) VALUES  (2, 1, 63, 0, 1);
INSERT INTO SAUSERPVG (SAUSERPVGKEY, SAUSERPROFILEID, SAUSERPVGVALUE, DELFLAG, UPDATENUM) VALUES  (2, 2, 1, 0, 1);
INSERT INTO SAUSERPVG (SAUSERPVGKEY, SAUSERPROFILEID, SAUSERPVGVALUE, DELFLAG, UPDATENUM) VALUES  (2, 3, 1, 0, 1);
INSERT INTO SAUSERPVG (SAUSERPVGKEY, SAUSERPROFILEID, SAUSERPVGVALUE, DELFLAG, UPDATENUM) VALUES  (3, 1, 63, 0, 1);
INSERT INTO SAUSERPVG (SAUSERPVGKEY, SAUSERPROFILEID, SAUSERPVGVALUE, DELFLAG, UPDATENUM) VALUES  (3, 2, 1, 0, 1);
INSERT INTO SAUSERPVG (SAUSERPVGKEY, SAUSERPROFILEID, SAUSERPVGVALUE, DELFLAG, UPDATENUM) VALUES  (3, 3, 63, 0, 1);
INSERT INTO SAUSERPVG (SAUSERPVGKEY, SAUSERPROFILEID, SAUSERPVGVALUE, DELFLAG, UPDATENUM) VALUES  (4, 1, 63, 0, 1);
INSERT INTO SAUSERPVG (SAUSERPVGKEY, SAUSERPROFILEID, SAUSERPVGVALUE, DELFLAG, UPDATENUM) VALUES  (4, 2, 1, 0, 1);
INSERT INTO SAUSERPVG (SAUSERPVGKEY, SAUSERPROFILEID, SAUSERPVGVALUE, DELFLAG, UPDATENUM) VALUES  (4, 3, 63, 0, 1);
INSERT INTO SAUSERPVG (SAUSERPVGKEY, SAUSERPROFILEID, SAUSERPVGVALUE, DELFLAG, UPDATENUM) VALUES  (5, 1, 63, 0, 1);
INSERT INTO SAUSERPVG (SAUSERPVGKEY, SAUSERPROFILEID, SAUSERPVGVALUE, DELFLAG, UPDATENUM) VALUES  (5, 2, 1, 0, 1);
INSERT INTO SAUSERPVG (SAUSERPVGKEY, SAUSERPROFILEID, SAUSERPVGVALUE, DELFLAG, UPDATENUM) VALUES  (5, 3, 1, 0, 1);
INSERT INTO SAUSERPVG (SAUSERPVGKEY, SAUSERPROFILEID, SAUSERPVGVALUE, DELFLAG, UPDATENUM) VALUES  (6, 1, 63, 0, 1);
INSERT INTO SAUSERPVG (SAUSERPVGKEY, SAUSERPROFILEID, SAUSERPVGVALUE, DELFLAG, UPDATENUM) VALUES  (6, 2, 11, 0, 1);
INSERT INTO SAUSERPVG (SAUSERPVGKEY, SAUSERPROFILEID, SAUSERPVGVALUE, DELFLAG, UPDATENUM) VALUES  (6, 3, 63, 0, 1);
INSERT INTO SAUSERPVG (SAUSERPVGKEY, SAUSERPROFILEID, SAUSERPVGVALUE, DELFLAG, UPDATENUM) VALUES  (7, 1, 63, 0, 1);
INSERT INTO SAUSERPVG (SAUSERPVGKEY, SAUSERPROFILEID, SAUSERPVGVALUE, DELFLAG, UPDATENUM) VALUES  (7, 2, 1, 0, 1);
INSERT INTO SAUSERPVG (SAUSERPVGKEY, SAUSERPROFILEID, SAUSERPVGVALUE, DELFLAG, UPDATENUM) VALUES  (7, 3, 63, 0, 1);
INSERT INTO SAUSERPVG (SAUSERPVGKEY, SAUSERPROFILEID, SAUSERPVGVALUE, DELFLAG, UPDATENUM) VALUES  (8, 1, 63, 0, 1);
INSERT INTO SAUSERPVG (SAUSERPVGKEY, SAUSERPROFILEID, SAUSERPVGVALUE, DELFLAG, UPDATENUM) VALUES  (8, 2, 0, 0, 1);
INSERT INTO SAUSERPVG (SAUSERPVGKEY, SAUSERPROFILEID, SAUSERPVGVALUE, DELFLAG, UPDATENUM) VALUES  (8, 3, 63, 0, 1);
INSERT INTO SAUSERPVG (SAUSERPVGKEY, SAUSERPROFILEID, SAUSERPVGVALUE, DELFLAG, UPDATENUM) VALUES  (9, 1, 63, 0, 1);
INSERT INTO SAUSERPVG (SAUSERPVGKEY, SAUSERPROFILEID, SAUSERPVGVALUE, DELFLAG, UPDATENUM) VALUES  (9, 2, 0, 0, 1);
INSERT INTO SAUSERPVG (SAUSERPVGKEY, SAUSERPROFILEID, SAUSERPVGVALUE, DELFLAG, UPDATENUM) VALUES  (9, 3, 0, 0, 1);
INSERT INTO SAUSERPVG (SAUSERPVGKEY, SAUSERPROFILEID, SAUSERPVGVALUE, DELFLAG, UPDATENUM) VALUES  (10, 1, 63, 0, 1);
INSERT INTO SAUSERPVG (SAUSERPVGKEY, SAUSERPROFILEID, SAUSERPVGVALUE, DELFLAG, UPDATENUM) VALUES  (10, 2, 0, 0, 1);
INSERT INTO SAUSERPVG (SAUSERPVGKEY, SAUSERPROFILEID, SAUSERPVGVALUE, DELFLAG, UPDATENUM) VALUES  (10, 3, 0, 0, 1);
INSERT INTO SAUSERPVG (SAUSERPVGKEY, SAUSERPROFILEID, SAUSERPVGVALUE, DELFLAG, UPDATENUM) VALUES  (11, 1, 63, 0, 1);
INSERT INTO SAUSERPVG (SAUSERPVGKEY, SAUSERPROFILEID, SAUSERPVGVALUE, DELFLAG, UPDATENUM) VALUES  (11, 2, 0, 0, 1);
INSERT INTO SAUSERPVG (SAUSERPVGKEY, SAUSERPROFILEID, SAUSERPVGVALUE, DELFLAG, UPDATENUM) VALUES  (11, 3, 63, 0, 1);
INSERT INTO SAUSERPVG (SAUSERPVGKEY, SAUSERPROFILEID, SAUSERPVGVALUE, DELFLAG, UPDATENUM) VALUES  (12, 1, 63, 0, 1);
INSERT INTO SAUSERPVG (SAUSERPVGKEY, SAUSERPROFILEID, SAUSERPVGVALUE, DELFLAG, UPDATENUM) VALUES  (12, 2, 0, 0, 1);
INSERT INTO SAUSERPVG (SAUSERPVGKEY, SAUSERPROFILEID, SAUSERPVGVALUE, DELFLAG, UPDATENUM) VALUES  (12, 3, 0, 0, 1);
INSERT INTO SAUSERPVG (SAUSERPVGKEY, SAUSERPROFILEID, SAUSERPVGVALUE, DELFLAG, UPDATENUM) VALUES  (13, 1, 63, 0, 1);
INSERT INTO SAUSERPVG (SAUSERPVGKEY, SAUSERPROFILEID, SAUSERPVGVALUE, DELFLAG, UPDATENUM) VALUES  (13, 2, 0, 0, 1);
INSERT INTO SAUSERPVG (SAUSERPVGKEY, SAUSERPROFILEID, SAUSERPVGVALUE, DELFLAG, UPDATENUM) VALUES  (13, 3, 53, 0, 1);
INSERT INTO SAUSERPVG (SAUSERPVGKEY, SAUSERPROFILEID, SAUSERPVGVALUE, DELFLAG, UPDATENUM) VALUES  (14, 1, 63, 0, 1);
INSERT INTO SAUSERPVG (SAUSERPVGKEY, SAUSERPROFILEID, SAUSERPVGVALUE, DELFLAG, UPDATENUM) VALUES  (14, 2, 0, 0, 1);
INSERT INTO SAUSERPVG (SAUSERPVGKEY, SAUSERPROFILEID, SAUSERPVGVALUE, DELFLAG, UPDATENUM) VALUES  (14, 3, 63, 0, 1);
INSERT INTO SAUSERPVG (SAUSERPVGKEY, SAUSERPROFILEID, SAUSERPVGVALUE, DELFLAG, UPDATENUM) VALUES  (15, 1, 63, 0, 1);
INSERT INTO SAUSERPVG (SAUSERPVGKEY, SAUSERPROFILEID, SAUSERPVGVALUE, DELFLAG, UPDATENUM) VALUES  (15, 2, 0, 0, 1);
INSERT INTO SAUSERPVG (SAUSERPVGKEY, SAUSERPROFILEID, SAUSERPVGVALUE, DELFLAG, UPDATENUM) VALUES  (15, 3, 0, 0, 1);
INSERT INTO SAUSERPVG (SAUSERPVGKEY, SAUSERPROFILEID, SAUSERPVGVALUE, DELFLAG, UPDATENUM) VALUES  (16, 1, 63, 0, 1);
INSERT INTO SAUSERPVG (SAUSERPVGKEY, SAUSERPROFILEID, SAUSERPVGVALUE, DELFLAG, UPDATENUM) VALUES  (16, 2, 0, 0, 1);
INSERT INTO SAUSERPVG (SAUSERPVGKEY, SAUSERPROFILEID, SAUSERPVGVALUE, DELFLAG, UPDATENUM) VALUES  (16, 3, 0, 0, 1);
INSERT INTO SAUSERPVG (SAUSERPVGKEY, SAUSERPROFILEID, SAUSERPVGVALUE, DELFLAG, UPDATENUM) VALUES  (17, 1, 63, 0, 1);
INSERT INTO SAUSERPVG (SAUSERPVGKEY, SAUSERPROFILEID, SAUSERPVGVALUE, DELFLAG, UPDATENUM) VALUES  (17, 2, 0, 0, 1);
INSERT INTO SAUSERPVG (SAUSERPVGKEY, SAUSERPROFILEID, SAUSERPVGVALUE, DELFLAG, UPDATENUM) VALUES  (17, 3, 0, 0, 1);
INSERT INTO SAUSERPVG (SAUSERPVGKEY, SAUSERPROFILEID, SAUSERPVGVALUE, DELFLAG, UPDATENUM) VALUES  (18, 1, 63, 0, 1);
INSERT INTO SAUSERPVG (SAUSERPVGKEY, SAUSERPROFILEID, SAUSERPVGVALUE, DELFLAG, UPDATENUM) VALUES  (18, 2, 0, 0, 1);
INSERT INTO SAUSERPVG (SAUSERPVGKEY, SAUSERPROFILEID, SAUSERPVGVALUE, DELFLAG, UPDATENUM) VALUES  (18, 3, 0, 0, 1);
INSERT INTO SAUSERPVG (SAUSERPVGKEY, SAUSERPROFILEID, SAUSERPVGVALUE, DELFLAG, UPDATENUM) VALUES  (19, 1, 63, 0, 1);
INSERT INTO SAUSERPVG (SAUSERPVGKEY, SAUSERPROFILEID, SAUSERPVGVALUE, DELFLAG, UPDATENUM) VALUES  (19, 2, 0, 0, 1);
INSERT INTO SAUSERPVG (SAUSERPVGKEY, SAUSERPROFILEID, SAUSERPVGVALUE, DELFLAG, UPDATENUM) VALUES  (19, 3, 0, 0, 1);
INSERT INTO SAUSERPVG (SAUSERPVGKEY, SAUSERPROFILEID, SAUSERPVGVALUE, DELFLAG, UPDATENUM) VALUES  (20, 1, 8, 0, 1);
INSERT INTO SAUSERPVG (SAUSERPVGKEY, SAUSERPROFILEID, SAUSERPVGVALUE, DELFLAG, UPDATENUM) VALUES  (20, 2, 0, 0, 1);
INSERT INTO SAUSERPVG (SAUSERPVGKEY, SAUSERPROFILEID, SAUSERPVGVALUE, DELFLAG, UPDATENUM) VALUES  (20, 3, 0, 0, 1);
INSERT INTO SAUSERPVG (SAUSERPVGKEY, SAUSERPROFILEID, SAUSERPVGVALUE, DELFLAG, UPDATENUM) VALUES  (21, 1, 63, 0, 1);
INSERT INTO SAUSERPVG (SAUSERPVGKEY, SAUSERPROFILEID, SAUSERPVGVALUE, DELFLAG, UPDATENUM) VALUES  (21, 2, 0, 0, 1);
INSERT INTO SAUSERPVG (SAUSERPVGKEY, SAUSERPROFILEID, SAUSERPVGVALUE, DELFLAG, UPDATENUM) VALUES  (21, 3, 0, 0, 1);
INSERT INTO SAUSERPVG (SAUSERPVGKEY, SAUSERPROFILEID, SAUSERPVGVALUE, DELFLAG, UPDATENUM) VALUES  (22, 1, 9, 0, 1);
INSERT INTO SAUSERPVG (SAUSERPVGKEY, SAUSERPROFILEID, SAUSERPVGVALUE, DELFLAG, UPDATENUM) VALUES  (22, 2, 1, 0, 1);
INSERT INTO SAUSERPVG (SAUSERPVGKEY, SAUSERPROFILEID, SAUSERPVGVALUE, DELFLAG, UPDATENUM) VALUES  (22, 3, 1, 0, 1);
INSERT INTO SAUSERPVG (SAUSERPVGKEY, SAUSERPROFILEID, SAUSERPVGVALUE, DELFLAG, UPDATENUM) VALUES  (23, 1, 63, 0, 1);
INSERT INTO SAUSERPVG (SAUSERPVGKEY, SAUSERPROFILEID, SAUSERPVGVALUE, DELFLAG, UPDATENUM) VALUES  (23, 2, 0, 0, 1);
INSERT INTO SAUSERPVG (SAUSERPVGKEY, SAUSERPROFILEID, SAUSERPVGVALUE, DELFLAG, UPDATENUM) VALUES  (23, 3, 0, 0, 1);
INSERT INTO SAUSERPVG (SAUSERPVGKEY, SAUSERPROFILEID, SAUSERPVGVALUE, DELFLAG, UPDATENUM) VALUES  (24, 1, 63, 0, 1);
INSERT INTO SAUSERPVG (SAUSERPVGKEY, SAUSERPROFILEID, SAUSERPVGVALUE, DELFLAG, UPDATENUM) VALUES  (24, 2, 0, 0, 1);
INSERT INTO SAUSERPVG (SAUSERPVGKEY, SAUSERPROFILEID, SAUSERPVGVALUE, DELFLAG, UPDATENUM) VALUES  (24, 3, 0, 0, 1);
INSERT INTO SAUSERPVG (SAUSERPVGKEY, SAUSERPROFILEID, SAUSERPVGVALUE, DELFLAG, UPDATENUM) VALUES  (25, 1, 63, 0, 1);
INSERT INTO SAUSERPVG (SAUSERPVGKEY, SAUSERPROFILEID, SAUSERPVGVALUE, DELFLAG, UPDATENUM) VALUES  (25, 2, 0, 0, 1);
INSERT INTO SAUSERPVG (SAUSERPVGKEY, SAUSERPROFILEID, SAUSERPVGVALUE, DELFLAG, UPDATENUM) VALUES  (25, 3, 0, 0, 1);
INSERT INTO SAUSERPVG (SAUSERPVGKEY, SAUSERPROFILEID, SAUSERPVGVALUE, DELFLAG, UPDATENUM) VALUES  (26, 1, 1, 0, 1);
INSERT INTO SAUSERPVG (SAUSERPVGKEY, SAUSERPROFILEID, SAUSERPVGVALUE, DELFLAG, UPDATENUM) VALUES  (26, 2, 0, 0, 1);
INSERT INTO SAUSERPVG (SAUSERPVGKEY, SAUSERPROFILEID, SAUSERPVGVALUE, DELFLAG, UPDATENUM) VALUES  (26, 3, 1, 0, 1);
INSERT INTO SAUSERPVG (SAUSERPVGKEY, SAUSERPROFILEID, SAUSERPVGVALUE, DELFLAG, UPDATENUM) VALUES  (27, 1, 63, 0, 1);
INSERT INTO SAUSERPVG (SAUSERPVGKEY, SAUSERPROFILEID, SAUSERPVGVALUE, DELFLAG, UPDATENUM) VALUES  (27, 2, 1, 0, 1);
INSERT INTO SAUSERPVG (SAUSERPVGKEY, SAUSERPROFILEID, SAUSERPVGVALUE, DELFLAG, UPDATENUM) VALUES  (27, 3, 63, 0, 1);
INSERT INTO SAUSERPVG (SAUSERPVGKEY, SAUSERPROFILEID, SAUSERPVGVALUE, DELFLAG, UPDATENUM) VALUES  (28, 1, 63, 0, 1);
INSERT INTO SAUSERPVG (SAUSERPVGKEY, SAUSERPROFILEID, SAUSERPVGVALUE, DELFLAG, UPDATENUM) VALUES  (28, 2, 1, 0, 1);
INSERT INTO SAUSERPVG (SAUSERPVGKEY, SAUSERPROFILEID, SAUSERPVGVALUE, DELFLAG, UPDATENUM) VALUES  (28, 3, 63, 0, 1);
INSERT INTO SAUSERPVG (SAUSERPVGKEY, SAUSERPROFILEID, SAUSERPVGVALUE, DELFLAG, UPDATENUM) VALUES  (29, 1, 63, 0, 1);
INSERT INTO SAUSERPVG (SAUSERPVGKEY, SAUSERPROFILEID, SAUSERPVGVALUE, DELFLAG, UPDATENUM) VALUES  (29, 2, 0, 0, 1);
INSERT INTO SAUSERPVG (SAUSERPVGKEY, SAUSERPROFILEID, SAUSERPVGVALUE, DELFLAG, UPDATENUM) VALUES  (29, 3, 0, 0, 1);
INSERT INTO SAUSERPVG (SAUSERPVGKEY, SAUSERPROFILEID, SAUSERPVGVALUE, DELFLAG, UPDATENUM) VALUES  (30, 1, 63, 0, 1);
INSERT INTO SAUSERPVG (SAUSERPVGKEY, SAUSERPROFILEID, SAUSERPVGVALUE, DELFLAG, UPDATENUM) VALUES  (30, 2, 0, 0, 1);
INSERT INTO SAUSERPVG (SAUSERPVGKEY, SAUSERPROFILEID, SAUSERPVGVALUE, DELFLAG, UPDATENUM) VALUES  (30, 3, 0, 0, 1);
INSERT INTO SAUSERPVG (SAUSERPVGKEY, SAUSERPROFILEID, SAUSERPVGVALUE, DELFLAG, UPDATENUM) VALUES  (31, 1, 63, 0, 1);
INSERT INTO SAUSERPVG (SAUSERPVGKEY, SAUSERPROFILEID, SAUSERPVGVALUE, DELFLAG, UPDATENUM) VALUES  (31, 2, 11, 0, 1);
INSERT INTO SAUSERPVG (SAUSERPVGKEY, SAUSERPROFILEID, SAUSERPVGVALUE, DELFLAG, UPDATENUM) VALUES  (31, 3, 63, 0, 1);
INSERT INTO SAUSERPVG (SAUSERPVGKEY, SAUSERPROFILEID, SAUSERPVGVALUE, DELFLAG, UPDATENUM) VALUES  (32, 1, 63, 0, 1);
INSERT INTO SAUSERPVG (SAUSERPVGKEY, SAUSERPROFILEID, SAUSERPVGVALUE, DELFLAG, UPDATENUM) VALUES  (32, 2, 1, 0, 1);
INSERT INTO SAUSERPVG (SAUSERPVGKEY, SAUSERPROFILEID, SAUSERPVGVALUE, DELFLAG, UPDATENUM) VALUES  (32, 3, 1, 0, 1);
INSERT INTO SAUSERPVG (SAUSERPVGKEY, SAUSERPROFILEID, SAUSERPVGVALUE, DELFLAG, UPDATENUM) VALUES  (33, 1, 63, 0, 1);
INSERT INTO SAUSERPVG (SAUSERPVGKEY, SAUSERPROFILEID, SAUSERPVGVALUE, DELFLAG, UPDATENUM) VALUES  (33, 2, 1, 0, 1);
INSERT INTO SAUSERPVG (SAUSERPVGKEY, SAUSERPROFILEID, SAUSERPVGVALUE, DELFLAG, UPDATENUM) VALUES  (33, 3, 1, 0, 1);
INSERT INTO SAUSERPVG (SAUSERPVGKEY, SAUSERPROFILEID, SAUSERPVGVALUE, DELFLAG, UPDATENUM) VALUES  (34, 1, 63, 0, 1);
INSERT INTO SAUSERPVG (SAUSERPVGKEY, SAUSERPROFILEID, SAUSERPVGVALUE, DELFLAG, UPDATENUM) VALUES  (34, 2, 0, 0, 1);
INSERT INTO SAUSERPVG (SAUSERPVGKEY, SAUSERPROFILEID, SAUSERPVGVALUE, DELFLAG, UPDATENUM) VALUES  (34, 3, 0, 0, 1);
INSERT INTO SAUSERPVG (SAUSERPVGKEY, SAUSERPROFILEID, SAUSERPVGVALUE, DELFLAG, UPDATENUM) VALUES  (35, 1, 63, 0, 1);
INSERT INTO SAUSERPVG (SAUSERPVGKEY, SAUSERPROFILEID, SAUSERPVGVALUE, DELFLAG, UPDATENUM) VALUES  (35, 2, 0, 0, 1);
INSERT INTO SAUSERPVG (SAUSERPVGKEY, SAUSERPROFILEID, SAUSERPVGVALUE, DELFLAG, UPDATENUM) VALUES  (35, 3, 0, 0, 1);
INSERT INTO SAUSERPVG (SAUSERPVGKEY, SAUSERPROFILEID, SAUSERPVGVALUE, DELFLAG, UPDATENUM) VALUES  (36, 1, 63, 0, 1);
INSERT INTO SAUSERPVG (SAUSERPVGKEY, SAUSERPROFILEID, SAUSERPVGVALUE, DELFLAG, UPDATENUM) VALUES  (36, 2, 0, 0, 1);
INSERT INTO SAUSERPVG (SAUSERPVGKEY, SAUSERPROFILEID, SAUSERPVGVALUE, DELFLAG, UPDATENUM) VALUES  (36, 3, 0, 0, 1);
INSERT INTO SAUSERPVG (SAUSERPVGKEY, SAUSERPROFILEID, SAUSERPVGVALUE, DELFLAG, UPDATENUM) VALUES  (37, 1, 63, 0, 1);
INSERT INTO SAUSERPVG (SAUSERPVGKEY, SAUSERPROFILEID, SAUSERPVGVALUE, DELFLAG, UPDATENUM) VALUES  (37, 2, 0, 0, 1);
INSERT INTO SAUSERPVG (SAUSERPVGKEY, SAUSERPROFILEID, SAUSERPVGVALUE, DELFLAG, UPDATENUM) VALUES  (37, 3, 0, 0, 1);
INSERT INTO SAUSERPVG (SAUSERPVGKEY, SAUSERPROFILEID, SAUSERPVGVALUE, DELFLAG, UPDATENUM) VALUES  (38, 1, 63, 0, 1);
INSERT INTO SAUSERPVG (SAUSERPVGKEY, SAUSERPROFILEID, SAUSERPVGVALUE, DELFLAG, UPDATENUM) VALUES  (38, 2, 0, 0, 1);
INSERT INTO SAUSERPVG (SAUSERPVGKEY, SAUSERPROFILEID, SAUSERPVGVALUE, DELFLAG, UPDATENUM) VALUES  (38, 3, 0, 0, 1);
INSERT INTO SAUSERPVG (SAUSERPVGKEY, SAUSERPROFILEID, SAUSERPVGVALUE, DELFLAG, UPDATENUM) VALUES  (39, 1, 63, 0, 1);
INSERT INTO SAUSERPVG (SAUSERPVGKEY, SAUSERPROFILEID, SAUSERPVGVALUE, DELFLAG, UPDATENUM) VALUES  (39, 2, 0, 0, 1);
INSERT INTO SAUSERPVG (SAUSERPVGKEY, SAUSERPROFILEID, SAUSERPVGVALUE, DELFLAG, UPDATENUM) VALUES  (39, 3, 0, 0, 1);
INSERT INTO SAUSERPVG (SAUSERPVGKEY, SAUSERPROFILEID, SAUSERPVGVALUE, DELFLAG, UPDATENUM) VALUES  (40, 1, 63, 0, 1);
INSERT INTO SAUSERPVG (SAUSERPVGKEY, SAUSERPROFILEID, SAUSERPVGVALUE, DELFLAG, UPDATENUM) VALUES  (40, 2, 1, 0, 1);
INSERT INTO SAUSERPVG (SAUSERPVGKEY, SAUSERPROFILEID, SAUSERPVGVALUE, DELFLAG, UPDATENUM) VALUES  (40, 3, 63, 0, 1);
INSERT INTO SAUSERPVG (SAUSERPVGKEY, SAUSERPROFILEID, SAUSERPVGVALUE, DELFLAG, UPDATENUM) VALUES  (41, 1, 63, 0, 1);
INSERT INTO SAUSERPVG (SAUSERPVGKEY, SAUSERPROFILEID, SAUSERPVGVALUE, DELFLAG, UPDATENUM) VALUES  (41, 2, 1, 0, 1);
INSERT INTO SAUSERPVG (SAUSERPVGKEY, SAUSERPROFILEID, SAUSERPVGVALUE, DELFLAG, UPDATENUM) VALUES  (41, 3, 63, 0, 1);
INSERT INTO SAUSERPVG (SAUSERPVGKEY, SAUSERPROFILEID, SAUSERPVGVALUE, DELFLAG, UPDATENUM) VALUES  (42, 1, 63, 0, 1);
INSERT INTO SAUSERPVG (SAUSERPVGKEY, SAUSERPROFILEID, SAUSERPVGVALUE, DELFLAG, UPDATENUM) VALUES  (42, 2, 1, 0, 1);
INSERT INTO SAUSERPVG (SAUSERPVGKEY, SAUSERPROFILEID, SAUSERPVGVALUE, DELFLAG, UPDATENUM) VALUES  (42, 3, 1, 0, 1);
INSERT INTO SAUSERPVG (SAUSERPVGKEY, SAUSERPROFILEID, SAUSERPVGVALUE, DELFLAG, UPDATENUM) VALUES  (43, 1, 63, 0, 1);
INSERT INTO SAUSERPVG (SAUSERPVGKEY, SAUSERPROFILEID, SAUSERPVGVALUE, DELFLAG, UPDATENUM) VALUES  (43, 2, 0, 0, 1);
INSERT INTO SAUSERPVG (SAUSERPVGKEY, SAUSERPROFILEID, SAUSERPVGVALUE, DELFLAG, UPDATENUM) VALUES  (43, 3, 0, 0, 1);
INSERT INTO SAUSERPVG (SAUSERPVGKEY, SAUSERPROFILEID, SAUSERPVGVALUE, DELFLAG, UPDATENUM) VALUES  (44, 1, 63, 0, 1);
INSERT INTO SAUSERPVG (SAUSERPVGKEY, SAUSERPROFILEID, SAUSERPVGVALUE, DELFLAG, UPDATENUM) VALUES  (44, 2, 1, 0, 1);
INSERT INTO SAUSERPVG (SAUSERPVGKEY, SAUSERPROFILEID, SAUSERPVGVALUE, DELFLAG, UPDATENUM) VALUES  (44, 3, 1, 0, 1);
INSERT INTO SAUSERPVG (SAUSERPVGKEY, SAUSERPROFILEID, SAUSERPVGVALUE, DELFLAG, UPDATENUM) VALUES  (45, 1, 63, 0, 1);
INSERT INTO SAUSERPVG (SAUSERPVGKEY, SAUSERPROFILEID, SAUSERPVGVALUE, DELFLAG, UPDATENUM) VALUES  (45, 2, 0, 0, 1);
INSERT INTO SAUSERPVG (SAUSERPVGKEY, SAUSERPROFILEID, SAUSERPVGVALUE, DELFLAG, UPDATENUM) VALUES  (45, 3, 1, 0, 1);
INSERT INTO SAUSERPVG (SAUSERPVGKEY, SAUSERPROFILEID, SAUSERPVGVALUE, DELFLAG, UPDATENUM) VALUES  (46, 1, 63, 0, 1);
INSERT INTO SAUSERPVG (SAUSERPVGKEY, SAUSERPROFILEID, SAUSERPVGVALUE, DELFLAG, UPDATENUM) VALUES  (46, 2, 0, 0, 1);
INSERT INTO SAUSERPVG (SAUSERPVGKEY, SAUSERPROFILEID, SAUSERPVGVALUE, DELFLAG, UPDATENUM) VALUES  (46, 3, 1, 0, 1);
INSERT INTO SAUSERPVG (SAUSERPVGKEY, SAUSERPROFILEID, SAUSERPVGVALUE, DELFLAG, UPDATENUM) VALUES  (47, 1, 63, 0, 1);
INSERT INTO SAUSERPVG (SAUSERPVGKEY, SAUSERPROFILEID, SAUSERPVGVALUE, DELFLAG, UPDATENUM) VALUES  (47, 2, 0, 0, 1);
INSERT INTO SAUSERPVG (SAUSERPVGKEY, SAUSERPROFILEID, SAUSERPVGVALUE, DELFLAG, UPDATENUM) VALUES  (47, 3, 1, 0, 1);
INSERT INTO SAUSERPVG (SAUSERPVGKEY, SAUSERPROFILEID, SAUSERPVGVALUE, DELFLAG, UPDATENUM) VALUES  (48, 1, 63, 0, 1);
INSERT INTO SAUSERPVG (SAUSERPVGKEY, SAUSERPROFILEID, SAUSERPVGVALUE, DELFLAG, UPDATENUM) VALUES  (48, 2, 0, 0, 1);
INSERT INTO SAUSERPVG (SAUSERPVGKEY, SAUSERPROFILEID, SAUSERPVGVALUE, DELFLAG, UPDATENUM) VALUES  (48, 3, 63, 0, 1);
INSERT INTO SAUSERPVG (SAUSERPVGKEY, SAUSERPROFILEID, SAUSERPVGVALUE, DELFLAG, UPDATENUM) VALUES  (1000, 1, 1054719, 0, 1);
INSERT INTO SAUSERPVG (SAUSERPVGKEY, SAUSERPROFILEID, SAUSERPVGVALUE, DELFLAG, UPDATENUM) VALUES  (1000, 2, 1, 0, 1);
INSERT INTO SAUSERPVG (SAUSERPVGKEY, SAUSERPROFILEID, SAUSERPVGVALUE, DELFLAG, UPDATENUM) VALUES  (1000, 3, 1050623, 0, 1);
INSERT INTO SAUSERPVG (SAUSERPVGKEY, SAUSERPROFILEID, SAUSERPVGVALUE, DELFLAG, UPDATENUM) VALUES  (1001, 1, 137215, 0, 1);
INSERT INTO SAUSERPVG (SAUSERPVGKEY, SAUSERPROFILEID, SAUSERPVGVALUE, DELFLAG, UPDATENUM) VALUES  (1001, 2, 1, 0, 1);
INSERT INTO SAUSERPVG (SAUSERPVGKEY, SAUSERPROFILEID, SAUSERPVGVALUE, DELFLAG, UPDATENUM) VALUES  (1001, 3, 133119, 0, 1);
INSERT INTO SAUSERPVG (SAUSERPVGKEY, SAUSERPROFILEID, SAUSERPVGVALUE, DELFLAG, UPDATENUM) VALUES  (1002, 1, 1087, 0, 1);
INSERT INTO SAUSERPVG (SAUSERPVGKEY, SAUSERPROFILEID, SAUSERPVGVALUE, DELFLAG, UPDATENUM) VALUES  (1002, 2, 0, 0, 1);
INSERT INTO SAUSERPVG (SAUSERPVGKEY, SAUSERPROFILEID, SAUSERPVGVALUE, DELFLAG, UPDATENUM) VALUES  (1002, 3, 63, 0, 1);
INSERT INTO SAUSERPVG (SAUSERPVGKEY, SAUSERPROFILEID, SAUSERPVGVALUE, DELFLAG, UPDATENUM) VALUES  (1003, 1, 5183, 0, 1);
INSERT INTO SAUSERPVG (SAUSERPVGKEY, SAUSERPROFILEID, SAUSERPVGVALUE, DELFLAG, UPDATENUM) VALUES  (1003, 2, 9, 0, 1);
INSERT INTO SAUSERPVG (SAUSERPVGKEY, SAUSERPROFILEID, SAUSERPVGVALUE, DELFLAG, UPDATENUM) VALUES  (1003, 3, 1087, 0, 1);
INSERT INTO SAUSERPVG (SAUSERPVGKEY, SAUSERPROFILEID, SAUSERPVGVALUE, DELFLAG, UPDATENUM) VALUES  (1004, 1, 2047, 0, 1);
INSERT INTO SAUSERPVG (SAUSERPVGKEY, SAUSERPROFILEID, SAUSERPVGVALUE, DELFLAG, UPDATENUM) VALUES  (1005, 1, 8, 0, 1);
INSERT INTO SAUSERPVG (SAUSERPVGKEY, SAUSERPROFILEID, SAUSERPVGVALUE, DELFLAG, UPDATENUM) VALUES  (1005, 2, 0, 0, 1);
INSERT INTO SAUSERPVG (SAUSERPVGKEY, SAUSERPROFILEID, SAUSERPVGVALUE, DELFLAG, UPDATENUM) VALUES  (1005, 3, 0, 0, 1);
INSERT INTO SAUSERPVG (SAUSERPVGKEY, SAUSERPROFILEID, SAUSERPVGVALUE, DELFLAG, UPDATENUM) VALUES  (1006, 1, 2063, 0, 1);
INSERT INTO SAUSERPVG (SAUSERPVGKEY, SAUSERPROFILEID, SAUSERPVGVALUE, DELFLAG, UPDATENUM) VALUES  (1006, 2, 11, 0, 1);
INSERT INTO SAUSERPVG (SAUSERPVGKEY, SAUSERPROFILEID, SAUSERPVGVALUE, DELFLAG, UPDATENUM) VALUES  (1006, 3, 2063, 0, 1);
INSERT INTO SAUSERPVG (SAUSERPVGKEY, SAUSERPROFILEID, SAUSERPVGVALUE, DELFLAG, UPDATENUM) VALUES  (1007, 1, 14335, 0, 1);
INSERT INTO SAUSERPVG (SAUSERPVGKEY, SAUSERPROFILEID, SAUSERPVGVALUE, DELFLAG, UPDATENUM) VALUES  (1007, 2, 1355, 0, 1);
INSERT INTO SAUSERPVG (SAUSERPVGKEY, SAUSERPROFILEID, SAUSERPVGVALUE, DELFLAG, UPDATENUM) VALUES  (1007, 3, 10239, 0, 1);
INSERT INTO SAUSERPVG (SAUSERPVGKEY, SAUSERPROFILEID, SAUSERPVGVALUE, DELFLAG, UPDATENUM) VALUES  (1008, 1, 14335, 0, 1);
INSERT INTO SAUSERPVG (SAUSERPVGKEY, SAUSERPROFILEID, SAUSERPVGVALUE, DELFLAG, UPDATENUM) VALUES  (1008, 2, 1355, 0, 1);
INSERT INTO SAUSERPVG (SAUSERPVGKEY, SAUSERPROFILEID, SAUSERPVGVALUE, DELFLAG, UPDATENUM) VALUES  (1008, 3, 10239, 0, 1);
INSERT INTO SAUSERPVG (SAUSERPVGKEY, SAUSERPROFILEID, SAUSERPVGVALUE, DELFLAG, UPDATENUM) VALUES  (1009, 1, 119869, 0, 1);
INSERT INTO SAUSERPVG (SAUSERPVGKEY, SAUSERPROFILEID, SAUSERPVGVALUE, DELFLAG, UPDATENUM) VALUES  (1009, 2, 99337, 0, 1);
INSERT INTO SAUSERPVG (SAUSERPVGKEY, SAUSERPROFILEID, SAUSERPVGVALUE, DELFLAG, UPDATENUM) VALUES  (1009, 3, 115773, 0, 1);
INSERT INTO SAUSERPVG (SAUSERPVGKEY, SAUSERPROFILEID, SAUSERPVGVALUE, DELFLAG, UPDATENUM) VALUES  (1010, 1, 5183, 0, 1);
INSERT INTO SAUSERPVG (SAUSERPVGKEY, SAUSERPROFILEID, SAUSERPVGVALUE, DELFLAG, UPDATENUM) VALUES  (1010, 2, 0, 0, 1);
INSERT INTO SAUSERPVG (SAUSERPVGKEY, SAUSERPROFILEID, SAUSERPVGVALUE, DELFLAG, UPDATENUM) VALUES  (1010, 3, 1087, 0, 1);
INSERT INTO SAUSERPVG (SAUSERPVGKEY, SAUSERPROFILEID, SAUSERPVGVALUE, DELFLAG, UPDATENUM) VALUES  (1011, 1, 5183, 0, 1);
INSERT INTO SAUSERPVG (SAUSERPVGKEY, SAUSERPROFILEID, SAUSERPVGVALUE, DELFLAG, UPDATENUM) VALUES  (1011, 2, 0, 0, 1);
INSERT INTO SAUSERPVG (SAUSERPVGKEY, SAUSERPROFILEID, SAUSERPVGVALUE, DELFLAG, UPDATENUM) VALUES  (1011, 3, 1087, 0, 1);
INSERT INTO SAUSERPVG (SAUSERPVGKEY, SAUSERPROFILEID, SAUSERPVGVALUE, DELFLAG, UPDATENUM) VALUES  (1012, 1, 6143, 0, 1);
INSERT INTO SAUSERPVG (SAUSERPVGKEY, SAUSERPROFILEID, SAUSERPVGVALUE, DELFLAG, UPDATENUM) VALUES  (1012, 2, 331, 0, 1);
INSERT INTO SAUSERPVG (SAUSERPVGKEY, SAUSERPROFILEID, SAUSERPVGVALUE, DELFLAG, UPDATENUM) VALUES  (1012, 3, 2047, 0, 1);
INSERT INTO SAUSERPVG (SAUSERPVGKEY, SAUSERPROFILEID, SAUSERPVGVALUE, DELFLAG, UPDATENUM) VALUES  (1013, 1, 538623, 0, 1);
INSERT INTO SAUSERPVG (SAUSERPVGKEY, SAUSERPROFILEID, SAUSERPVGVALUE, DELFLAG, UPDATENUM) VALUES  (1013, 2, 1, 0, 1);
INSERT INTO SAUSERPVG (SAUSERPVGKEY, SAUSERPROFILEID, SAUSERPVGVALUE, DELFLAG, UPDATENUM) VALUES  (1013, 3, 534527, 0, 1);

INSERT INTO DATAPUMP (DIRNAME, RECORDNUM) VALUES ('ART',1);
INSERT INTO DATAPUMP (DIRNAME, RECORDNUM) VALUES ('BARC',1);
INSERT INTO DATAPUMP (DIRNAME, RECORDNUM) VALUES ('CASHIER',1);
INSERT INTO DATAPUMP (DIRNAME, RECORDNUM) VALUES ('CASHPROFILE',1);
INSERT INTO DATAPUMP (DIRNAME, RECORDNUM) VALUES ('CLNT',1);
INSERT INTO DATAPUMP (DIRNAME, RECORDNUM) VALUES ('DCARD',1);
INSERT INTO DATAPUMP (DIRNAME, RECORDNUM) VALUES ('DISC',1);
INSERT INTO DATAPUMP (DIRNAME, RECORDNUM) VALUES ('DISCOFFER',1);
INSERT INTO DATAPUMP (DIRNAME, RECORDNUM) VALUES ('GRP',1);
INSERT INTO DATAPUMP (DIRNAME, RECORDNUM) VALUES ('OFFER',1);
INSERT INTO DATAPUMP (DIRNAME, RECORDNUM) VALUES ('PACK',1);
INSERT INTO DATAPUMP (DIRNAME, RECORDNUM) VALUES ('TAX',1);
INSERT INTO DATAPUMP (DIRNAME, RECORDNUM) VALUES ('TAXGRP',1);
INSERT INTO DATAPUMP (DIRNAME, RECORDNUM) VALUES ('UNIT',1);
INSERT INTO DATAPUMP (DIRNAME, RECORDNUM) VALUES ('TARE',1);
INSERT INTO DATAPUMP (DIRNAME, RECORDNUM) VALUES ('EXBARC',1);
INSERT INTO DATAPUMP (DIRNAME, RECORDNUM) VALUES ('TXTBIN',1);
INSERT INTO DATAPUMP (DIRNAME, RECORDNUM) VALUES ('ARTHOTKEYSET',1);
INSERT INTO DATAPUMP (DIRNAME, RECORDNUM) VALUES ('PRCLEVEL',1);
INSERT INTO DATAPUMP (DIRNAME, RECORDNUM) VALUES ('SAREA',1);
INSERT INTO DATAPUMP (DIRNAME, RECORDNUM) VALUES ('ARTHOTKEY',1);
INSERT INTO DATAPUMP (DIRNAME, RECORDNUM) VALUES ('PACKPRC',1);
INSERT INTO DATAPUMP (DIRNAME, RECORDNUM) VALUES ('SAREAPRC',1);
INSERT INTO DATAPUMP (DIRNAME, RECORDNUM) VALUES ('SAREACASHIER',1);
INSERT INTO DATAPUMP (DIRNAME, RECORDNUM) VALUES ('SDEPT',1);
INSERT INTO DATAPUMP (DIRNAME, RECORDNUM) VALUES ('ARTSDEPT',1);
INSERT INTO DATAPUMP (DIRNAME, RECORDNUM) VALUES ('FIRM',1);
INSERT INTO DATAPUMP (DIRNAME, RECORDNUM) VALUES ('SAREAOFFER',1);
INSERT INTO DATAPUMP (DIRNAME, RECORDNUM) VALUES ('CASHIERGRP',1);
INSERT INTO DATAPUMP (DIRNAME, RECORDNUM) VALUES ('CLNTGRP',1);
INSERT INTO DATAPUMP (DIRNAME, RECORDNUM) VALUES ('SAREACLNTGRP',1);
INSERT INTO DATAPUMP (DIRNAME, RECORDNUM) VALUES ('CASHPROFILECOLOR',1);
INSERT INTO DATAPUMP (DIRNAME, RECORDNUM) VALUES ('CASHPROFILEKEY',1);
INSERT INTO DATAPUMP (DIRNAME, RECORDNUM) VALUES ('CASHPROFILEPVG',1);
INSERT INTO DATAPUMP (DIRNAME, RECORDNUM) VALUES ('CASHPROFILESPVG',1);
INSERT INTO DATAPUMP (DIRNAME, RECORDNUM) VALUES ('CASHIERPVG',1);
INSERT INTO DATAPUMP (DIRNAME, RECORDNUM) VALUES ('PROPERTYGRP',1);
INSERT INTO DATAPUMP (DIRNAME, RECORDNUM) VALUES ('STRPROPERTY',1);
INSERT INTO DATAPUMP (DIRNAME, RECORDNUM) VALUES ('NUMPROPERTY',1);
INSERT INTO DATAPUMP (DIRNAME, RECORDNUM) VALUES ('NUMBERS',1);
INSERT INTO DATAPUMP (DIRNAME, RECORDNUM) VALUES ('STRINGS',1);
INSERT INTO DATAPUMP (DIRNAME, RECORDNUM) VALUES ('SAREATXTBIN',1);
INSERT INTO DATAPUMP (DIRNAME, RECORDNUM) VALUES ('SYSLOGPROFILE',1);
INSERT INTO DATAPUMP (DIRNAME, RECORDNUM) VALUES ('SYSLOGEVENT',1);
INSERT INTO DATAPUMP (DIRNAME, RECORDNUM) VALUES ('COMPANYGRP',1);
INSERT INTO DATAPUMP (DIRNAME, RECORDNUM) VALUES ('COMPANY',1);
INSERT INTO DATAPUMP (DIRNAME, RECORDNUM) VALUES ('SAUSERPROFILE',1);
INSERT INTO DATAPUMP (DIRNAME, RECORDNUM) VALUES ('SAUSERPVG',1);
INSERT INTO DATAPUMP (DIRNAME, RECORDNUM) VALUES ('SAUSER',1);
INSERT INTO DATAPUMP (DIRNAME, RECORDNUM) VALUES ('SAREASAUSER',1);
INSERT INTO DATAPUMP (DIRNAME, RECORDNUM) VALUES ('WAREHOUSE',1);
INSERT INTO DATAPUMP (DIRNAME, RECORDNUM) VALUES ('MODGRP'          ,1);
INSERT INTO DATAPUMP (DIRNAME, RECORDNUM) VALUES ('ARTMODGRP'       ,1);
INSERT INTO DATAPUMP (DIRNAME, RECORDNUM) VALUES ('PRN'             ,1);
INSERT INTO DATAPUMP (DIRNAME, RECORDNUM) VALUES ('PRNPRNGRP'       ,1);
INSERT INTO DATAPUMP (DIRNAME, RECORDNUM) VALUES ('PRNGRP'          ,1);
INSERT INTO DATAPUMP (DIRNAME, RECORDNUM) VALUES ('ARTPRNGRP'       ,1);
INSERT INTO DATAPUMP (DIRNAME, RECORDNUM) VALUES ('BINARYDATA'      ,1);
INSERT INTO DATAPUMP (DIRNAME, RECORDNUM) VALUES ('BINPROPERTY'     ,1);
INSERT INTO DATAPUMP (DIRNAME, RECORDNUM) VALUES ('CASHPROFILEBPVG' ,1);
INSERT INTO DATAPUMP (DIRNAME, RECORDNUM) VALUES ('EXTGRP'          ,1);
INSERT INTO DATAPUMP (DIRNAME, RECORDNUM) VALUES ('ARTEXTGRP'       ,1);
INSERT INTO DATAPUMP (DIRNAME, RECORDNUM) VALUES ('HALL'            ,1);
INSERT INTO DATAPUMP (DIRNAME, RECORDNUM) VALUES ('PLACE'           ,1);
INSERT INTO DATAPUMP (DIRNAME, RECORDNUM) VALUES ('PRNSCHEME'       ,1);
INSERT INTO DATAPUMP (DIRNAME, RECORDNUM) VALUES ('PRNGRPPRNSCHEME' ,1);
INSERT INTO DATAPUMP (DIRNAME, RECORDNUM) VALUES ('TRFSCHEME'       ,1);
INSERT INTO DATAPUMP (DIRNAME, RECORDNUM) VALUES ('TRFDAY'          ,1);
INSERT INTO DATAPUMP (DIRNAME, RECORDNUM) VALUES ('TRFDAYTRFTIME'   ,1);
INSERT INTO DATAPUMP (DIRNAME, RECORDNUM) VALUES ('TRFTIME'         ,1);
INSERT INTO DATAPUMP (DIRNAME, RECORDNUM) VALUES ('BONUS'           ,1);
INSERT INTO DATAPUMP (DIRNAME, RECORDNUM) VALUES ('BONUSOFFER'      ,1);
INSERT INTO DATAPUMP (DIRNAME, RECORDNUM) VALUES ('CLNTSUM'         ,1);
INSERT INTO DATAPUMP (DIRNAME, RECORDNUM) VALUES ('SALEOFFER'       ,1);
INSERT INTO DATAPUMP (DIRNAME, RECORDNUM) VALUES ('CURRENCY'        ,1);
INSERT INTO DATAPUMP (DIRNAME, RECORDNUM) VALUES ('ACCOUNTTYPE'     ,1);
INSERT INTO DATAPUMP (DIRNAME, RECORDNUM) VALUES ('PAYMENTSCHEME'   ,1);
INSERT INTO DATAPUMP (DIRNAME, RECORDNUM) VALUES ('PAYMENTSCHEMEITEMS',1);
INSERT INTO DATAPUMP (DIRNAME, RECORDNUM) VALUES ('LOYALTYCLUB'     ,1);
INSERT INTO DATAPUMP (DIRNAME, RECORDNUM) VALUES ('CLNTFORM'        ,1);
INSERT INTO DATAPUMP (DIRNAME, RECORDNUM) VALUES ('CLNTFORMITEMS'   ,1);
INSERT INTO DATAPUMP (DIRNAME, RECORDNUM) VALUES ('SAREACLNTFORM'   ,1);
INSERT INTO DATAPUMP (DIRNAME, RECORDNUM) VALUES ('CLNTPROPERTY'    ,1);
INSERT INTO DATAPUMP (DIRNAME, RECORDNUM) VALUES ('COMPOSCARD'      ,1);
INSERT INTO DATAPUMP (DIRNAME, RECORDNUM) VALUES ('COMPOSINGR'      ,1);
INSERT INTO DATAPUMP (DIRNAME, RECORDNUM) VALUES ('CLNTFORMPROPERTY',1);
INSERT INTO DATAPUMP (DIRNAME, RECORDNUM) VALUES ('FIRMWAREHOUSE'   ,1);
INSERT INTO DATAPUMP (DIRNAME, RECORDNUM) VALUES ('MSGSUB'          ,1);
INSERT INTO DATAPUMP (DIRNAME, RECORDNUM) VALUES ('MSGSUBCOND'      ,1);
INSERT INTO DATAPUMP (DIRNAME, RECORDNUM) VALUES ('MSGSUBPARAM'     ,1);
INSERT INTO DATAPUMP (DIRNAME, RECORDNUM) VALUES ('SAREAMSGSUB'     ,1);


INSERT INTO DATASYNCDIRS (DIRNAME, SYNCDIR, UPDATENUM, SYNCPRIORITY) VALUES ('ART'              , 1, 1, 5);
INSERT INTO DATASYNCDIRS (DIRNAME, SYNCDIR, UPDATENUM, SYNCPRIORITY) VALUES ('BARC'             , 1, 1, 2);
INSERT INTO DATASYNCDIRS (DIRNAME, SYNCDIR, UPDATENUM, SYNCPRIORITY) VALUES ('CASHIER'          , 1, 1, 3);
INSERT INTO DATASYNCDIRS (DIRNAME, SYNCDIR, UPDATENUM, SYNCPRIORITY) VALUES ('CLNT'             , 1, 1, 4);
INSERT INTO DATASYNCDIRS (DIRNAME, SYNCDIR, UPDATENUM, SYNCPRIORITY) VALUES ('DCARD'            , 1, 1, 5);
INSERT INTO DATASYNCDIRS (DIRNAME, SYNCDIR, UPDATENUM, SYNCPRIORITY) VALUES ('DISC'             , 1, 1, 2);
INSERT INTO DATASYNCDIRS (DIRNAME, SYNCDIR, UPDATENUM, SYNCPRIORITY) VALUES ('DISCOFFER'        , 1, 1, 2);
INSERT INTO DATASYNCDIRS (DIRNAME, SYNCDIR, UPDATENUM, SYNCPRIORITY) VALUES ('GRP'              , 1, 1, 4);
INSERT INTO DATASYNCDIRS (DIRNAME, SYNCDIR, UPDATENUM, SYNCPRIORITY) VALUES ('OFFER'            , 1, 1, 3);
INSERT INTO DATASYNCDIRS (DIRNAME, SYNCDIR, UPDATENUM, SYNCPRIORITY) VALUES ('PACK'             , 1, 1, 6);
INSERT INTO DATASYNCDIRS (DIRNAME, SYNCDIR, UPDATENUM, SYNCPRIORITY) VALUES ('TAX'              , 1, 1, 3);
INSERT INTO DATASYNCDIRS (DIRNAME, SYNCDIR, UPDATENUM, SYNCPRIORITY) VALUES ('TAXGRP'           , 1, 1, 2);
INSERT INTO DATASYNCDIRS (DIRNAME, SYNCDIR, UPDATENUM, SYNCPRIORITY) VALUES ('UNIT'             , 1, 1, 2);
INSERT INTO DATASYNCDIRS (DIRNAME, SYNCDIR, UPDATENUM, SYNCPRIORITY) VALUES ('TARE'             , 1, 1, 2);
INSERT INTO DATASYNCDIRS (DIRNAME, SYNCDIR, UPDATENUM, SYNCPRIORITY) VALUES ('EXBARC'           , 1, 1, 7);
INSERT INTO DATASYNCDIRS (DIRNAME, SYNCDIR, UPDATENUM, SYNCPRIORITY) VALUES ('TXTBIN'           , 1, 1, 2);
INSERT INTO DATASYNCDIRS (DIRNAME, SYNCDIR, UPDATENUM, SYNCPRIORITY) VALUES ('ARTHOTKEYSET'     , 1, 1, 2);
INSERT INTO DATASYNCDIRS (DIRNAME, SYNCDIR, UPDATENUM, SYNCPRIORITY) VALUES ('PRCLEVEL'         , 1, 1, 2);
INSERT INTO DATASYNCDIRS (DIRNAME, SYNCDIR, UPDATENUM, SYNCPRIORITY) VALUES ('ARTHOTKEY'        , 1, 1, 7);
INSERT INTO DATASYNCDIRS (DIRNAME, SYNCDIR, UPDATENUM, SYNCPRIORITY) VALUES ('PACKPRC'          , 1, 1, 7);
INSERT INTO DATASYNCDIRS (DIRNAME, SYNCDIR, UPDATENUM, SYNCPRIORITY) VALUES ('SDEPT'            , 1, 1, 5);
INSERT INTO DATASYNCDIRS (DIRNAME, SYNCDIR, UPDATENUM, SYNCPRIORITY) VALUES ('ARTSDEPT'         , 1, 1, 6);
INSERT INTO DATASYNCDIRS (DIRNAME, SYNCDIR, UPDATENUM, SYNCPRIORITY) VALUES ('FIRM'             , 1, 1, 2);
INSERT INTO DATASYNCDIRS (DIRNAME, SYNCDIR, UPDATENUM, SYNCPRIORITY) VALUES ('CASHIERGRP'       , 1, 1, 2);
INSERT INTO DATASYNCDIRS (DIRNAME, SYNCDIR, UPDATENUM, SYNCPRIORITY) VALUES ('CLNTGRP'          , 1, 1, 3);
INSERT INTO DATASYNCDIRS (DIRNAME, SYNCDIR, UPDATENUM, SYNCPRIORITY) VALUES ('CASHIERPVG'       , 1, 1, 3);
INSERT INTO DATASYNCDIRS (DIRNAME, SYNCDIR, UPDATENUM, SYNCPRIORITY) VALUES ('PROPERTYGRP'      , 1, 1, 2);
INSERT INTO DATASYNCDIRS (DIRNAME, SYNCDIR, UPDATENUM, SYNCPRIORITY) VALUES ('STRINGS'          , 1, 1, 2);
INSERT INTO DATASYNCDIRS (DIRNAME, SYNCDIR, UPDATENUM, SYNCPRIORITY) VALUES ('NUMBERS'          , 1, 1, 2);
INSERT INTO DATASYNCDIRS (DIRNAME, SYNCDIR, UPDATENUM, SYNCPRIORITY) VALUES ('STRPROPERTY'      , 1, 1, 3);
INSERT INTO DATASYNCDIRS (DIRNAME, SYNCDIR, UPDATENUM, SYNCPRIORITY) VALUES ('NUMPROPERTY'      , 1, 1, 3);
INSERT INTO DATASYNCDIRS (DIRNAME, SYNCDIR, UPDATENUM, SYNCPRIORITY) VALUES ('SAMGRACTION'      , 2, 0, 2);
INSERT INTO DATASYNCDIRS (DIRNAME, SYNCDIR, UPDATENUM, SYNCPRIORITY) VALUES ('SAMGRACTIONFIELDS', 2, 0, 3);
INSERT INTO DATASYNCDIRS (DIRNAME, SYNCDIR, UPDATENUM, SYNCPRIORITY) VALUES ('SYSLOGPROFILE'    , 1, 1, 2);
INSERT INTO DATASYNCDIRS (DIRNAME, SYNCDIR, UPDATENUM, SYNCPRIORITY) VALUES ('SYSLOGEVENT'      , 1, 1, 3);
INSERT INTO DATASYNCDIRS (DIRNAME, SYNCDIR, UPDATENUM, SYNCPRIORITY) VALUES ('SAREA'            , 1, 1, 4);
INSERT INTO DATASYNCDIRS (DIRNAME, SYNCDIR, UPDATENUM, SYNCPRIORITY) VALUES ('SAREAPRC'         , 1, 1, 5);
INSERT INTO DATASYNCDIRS (DIRNAME, SYNCDIR, UPDATENUM, SYNCPRIORITY) VALUES ('SAREACASHIER'     , 1, 1, 5);
INSERT INTO DATASYNCDIRS (DIRNAME, SYNCDIR, UPDATENUM, SYNCPRIORITY) VALUES ('SAREAOFFER'       , 1, 1, 5);
INSERT INTO DATASYNCDIRS (DIRNAME, SYNCDIR, UPDATENUM, SYNCPRIORITY) VALUES ('SAREATXTBIN'      , 1, 1, 5);
INSERT INTO DATASYNCDIRS (DIRNAME, SYNCDIR, UPDATENUM, SYNCPRIORITY) VALUES ('SAREACLNTGRP'     , 1, 1, 5);
INSERT INTO DATASYNCDIRS (DIRNAME, SYNCDIR, UPDATENUM, SYNCPRIORITY) VALUES ('CASHPROFILECOLOR' , 1, 1, 4);
INSERT INTO DATASYNCDIRS (DIRNAME, SYNCDIR, UPDATENUM, SYNCPRIORITY) VALUES ('CASHPROFILEKEY'   , 1, 1, 4);
INSERT INTO DATASYNCDIRS (DIRNAME, SYNCDIR, UPDATENUM, SYNCPRIORITY) VALUES ('CASHPROFILEPVG'   , 1, 1, 4);
INSERT INTO DATASYNCDIRS (DIRNAME, SYNCDIR, UPDATENUM, SYNCPRIORITY) VALUES ('CASHPROFILESPVG'  , 1, 1, 4);
INSERT INTO DATASYNCDIRS (DIRNAME, SYNCDIR, UPDATENUM, SYNCPRIORITY) VALUES ('CASHPROFILE'      , 1, 1, 3);
INSERT INTO DATASYNCDIRS (DIRNAME, SYNCDIR, UPDATENUM, SYNCPRIORITY) VALUES ('COMPANYGRP'       , 1, 1, 2);
INSERT INTO DATASYNCDIRS (DIRNAME, SYNCDIR, UPDATENUM, SYNCPRIORITY) VALUES ('COMPANY'          , 1, 1, 3);
INSERT INTO DATASYNCDIRS (DIRNAME, SYNCDIR, UPDATENUM, SYNCPRIORITY) VALUES ('SAUSERPROFILE'    , 1, 1, 4);
INSERT INTO DATASYNCDIRS (DIRNAME, SYNCDIR, UPDATENUM, SYNCPRIORITY) VALUES ('SAUSERPVG'        , 1, 1, 5);
INSERT INTO DATASYNCDIRS (DIRNAME, SYNCDIR, UPDATENUM, SYNCPRIORITY) VALUES ('SAUSER'           , 1, 1, 6);
INSERT INTO DATASYNCDIRS (DIRNAME, SYNCDIR, UPDATENUM, SYNCPRIORITY) VALUES ('SAREASAUSER'      , 1, 1, 7);
INSERT INTO DATASYNCDIRS (DIRNAME, SYNCDIR, UPDATENUM, SYNCPRIORITY) VALUES ('WAREHOUSE'        , 1, 1, 2);
INSERT INTO DATASYNCDIRS (DIRNAME, SYNCDIR, UPDATENUM, SYNCPRIORITY) VALUES ('MODGRP'           , 1, 1, 2);
INSERT INTO DATASYNCDIRS (DIRNAME, SYNCDIR, UPDATENUM, SYNCPRIORITY) VALUES ('ARTMODGRP'        , 1, 1, 6);
INSERT INTO DATASYNCDIRS (DIRNAME, SYNCDIR, UPDATENUM, SYNCPRIORITY) VALUES ('PRN'              , 1, 1, 2);
INSERT INTO DATASYNCDIRS (DIRNAME, SYNCDIR, UPDATENUM, SYNCPRIORITY) VALUES ('PRNPRNGRP'        , 1, 1, 6);
INSERT INTO DATASYNCDIRS (DIRNAME, SYNCDIR, UPDATENUM, SYNCPRIORITY) VALUES ('PRNGRP'           , 1, 1, 5);
INSERT INTO DATASYNCDIRS (DIRNAME, SYNCDIR, UPDATENUM, SYNCPRIORITY) VALUES ('ARTPRNGRP'        , 1, 1, 6);
INSERT INTO DATASYNCDIRS (DIRNAME, SYNCDIR, UPDATENUM, SYNCPRIORITY) VALUES ('BINARYDATA'       , 1, 1, 2);
INSERT INTO DATASYNCDIRS (DIRNAME, SYNCDIR, UPDATENUM, SYNCPRIORITY) VALUES ('BINPROPERTY'      , 1, 1, 3);
INSERT INTO DATASYNCDIRS (DIRNAME, SYNCDIR, UPDATENUM, SYNCPRIORITY) VALUES ('CASHPROFILEBPVG'  , 1, 1, 4);
INSERT INTO DATASYNCDIRS (DIRNAME, SYNCDIR, UPDATENUM, SYNCPRIORITY) VALUES ('EXTGRP'           , 1, 1, 5);
INSERT INTO DATASYNCDIRS (DIRNAME, SYNCDIR, UPDATENUM, SYNCPRIORITY) VALUES ('ARTEXTGRP'        , 1, 1, 6);
INSERT INTO DATASYNCDIRS (DIRNAME, SYNCDIR, UPDATENUM, SYNCPRIORITY) VALUES ('HALL'             , 1, 1, 5);
INSERT INTO DATASYNCDIRS (DIRNAME, SYNCDIR, UPDATENUM, SYNCPRIORITY) VALUES ('PLACE'            , 1, 1, 6);
INSERT INTO DATASYNCDIRS (DIRNAME, SYNCDIR, UPDATENUM, SYNCPRIORITY) VALUES ('PRNSCHEME'        , 1, 1, 2);
INSERT INTO DATASYNCDIRS (DIRNAME, SYNCDIR, UPDATENUM, SYNCPRIORITY) VALUES ('PRNGRPPRNSCHEME'  , 1, 1, 6);
INSERT INTO DATASYNCDIRS (DIRNAME, SYNCDIR, UPDATENUM, SYNCPRIORITY) VALUES ('TRFSCHEME'        , 1, 1, 2);
INSERT INTO DATASYNCDIRS (DIRNAME, SYNCDIR, UPDATENUM, SYNCPRIORITY) VALUES ('TRFDAY'           , 1, 1, 3);
INSERT INTO DATASYNCDIRS (DIRNAME, SYNCDIR, UPDATENUM, SYNCPRIORITY) VALUES ('TRFDAYTRFTIME'    , 1, 1, 4);
INSERT INTO DATASYNCDIRS (DIRNAME, SYNCDIR, UPDATENUM, SYNCPRIORITY) VALUES ('TRFTIME'          , 1, 1, 2);
INSERT INTO DATASYNCDIRS (DIRNAME, SYNCDIR, UPDATENUM, SYNCPRIORITY) VALUES ('BONUS'            , 1, 1, 2);
INSERT INTO DATASYNCDIRS (DIRNAME, SYNCDIR, UPDATENUM, SYNCPRIORITY) VALUES ('BONUSOFFER'       , 1, 1, 2);
INSERT INTO DATASYNCDIRS (DIRNAME, SYNCDIR, UPDATENUM, SYNCPRIORITY) VALUES ('CLNTSUM'          , 1, 1, 5);
INSERT INTO DATASYNCDIRS (DIRNAME, SYNCDIR, UPDATENUM, SYNCPRIORITY) VALUES ('SALEOFFER'        , 1, 1, 2);
INSERT INTO DATASYNCDIRS (DIRNAME, SYNCDIR, UPDATENUM, SYNCPRIORITY) VALUES ('COMPOSCARD'       , 1, 1, 2);
INSERT INTO DATASYNCDIRS (DIRNAME, SYNCDIR, UPDATENUM, SYNCPRIORITY) VALUES ('COMPOSINGR'       , 1, 1, 6);
INSERT INTO DATASYNCDIRS (DIRNAME, SYNCDIR, UPDATENUM, SYNCPRIORITY) VALUES ('CURRENCY'          , 1, 1, 0 );
INSERT INTO DATASYNCDIRS (DIRNAME, SYNCDIR, UPDATENUM, SYNCPRIORITY) VALUES ('ACCOUNTTYPE'       , 1, 1, 0 );
INSERT INTO DATASYNCDIRS (DIRNAME, SYNCDIR, UPDATENUM, SYNCPRIORITY) VALUES ('PAYMENTSCHEME'     , 1, 1, 0 );
INSERT INTO DATASYNCDIRS (DIRNAME, SYNCDIR, UPDATENUM, SYNCPRIORITY) VALUES ('PAYMENTSCHEMEITEMS', 1, 1, 1 );
INSERT INTO DATASYNCDIRS (DIRNAME, SYNCDIR, UPDATENUM, SYNCPRIORITY) VALUES ('LOYALTYCLUB'       , 1, 1, 1 );
INSERT INTO DATASYNCDIRS (DIRNAME, SYNCDIR, UPDATENUM, SYNCPRIORITY) VALUES ('CLNTFORM'           , 1, 1, 0);
INSERT INTO DATASYNCDIRS (DIRNAME, SYNCDIR, UPDATENUM, SYNCPRIORITY) VALUES ('CLNTFORMITEMS'      , 1, 1, 1);
INSERT INTO DATASYNCDIRS (DIRNAME, SYNCDIR, UPDATENUM, SYNCPRIORITY) VALUES ('SAREACLNTFORM'      , 1, 1, 5);
INSERT INTO DATASYNCDIRS (DIRNAME, SYNCDIR, UPDATENUM, SYNCPRIORITY) VALUES ('CLNTPROPERTY'       , 1, 1, 5);
INSERT INTO DATASYNCDIRS (DIRNAME, SYNCDIR, UPDATENUM, SYNCPRIORITY) VALUES ('CLNTFORMPROPERTY'   , 1, 1, 5);
INSERT INTO DATASYNCDIRS (DIRNAME, SYNCDIR, UPDATENUM, SYNCPRIORITY) VALUES ('SAMREQUESTSYNC'     , 1, 0, 20);
INSERT INTO DATASYNCDIRS (DIRNAME, SYNCDIR, UPDATENUM, SYNCPRIORITY) VALUES ('SAMREQUESTITEMSSYNC', 1, 0, 21);
INSERT INTO DATASYNCDIRS (DIRNAME, SYNCDIR, UPDATENUM, SYNCPRIORITY) VALUES ('SAMCLNTFORMRESULT'     , 1, 0, 0);
INSERT INTO DATASYNCDIRS (DIRNAME, SYNCDIR, UPDATENUM, SYNCPRIORITY) VALUES ('SAMCLNTFORMRESULTITEMS', 1, 0, 1);
INSERT INTO DATASYNCDIRS (DIRNAME, SYNCDIR, UPDATENUM, SYNCPRIORITY) VALUES ('FIRMWAREHOUSE'         , 1, 1, 3);
INSERT INTO DATASYNCDIRS (DIRNAME, SYNCDIR, UPDATENUM, SYNCPRIORITY) VALUES ('MSGSUB'              , 1, 1, 2);
INSERT INTO DATASYNCDIRS (DIRNAME, SYNCDIR, UPDATENUM, SYNCPRIORITY) VALUES ('MSGSUBCOND'          , 1, 1, 0);
INSERT INTO DATASYNCDIRS (DIRNAME, SYNCDIR, UPDATENUM, SYNCPRIORITY) VALUES ('MSGSUBPARAM'         , 1, 1, 1);
INSERT INTO DATASYNCDIRS (DIRNAME, SYNCDIR, UPDATENUM, SYNCPRIORITY) VALUES ('SAREAMSGSUB'         , 1, 1, 5);

insert into ACCOUNTTYPE(ACCOUNTTYPEID,ACCOUNTTYPENAME,ACCOUNTTYPEVALUE,ACCOUNTKINDVALUE,MAXCREDIT,DELFLAG,UPDATENUM)  values(0,'0',0,0,0,1,1);
insert into CLNTFORM(CLNTFORMID,CLNTFORMNAME,ORDERNUM,USESAREA,ACTIVEFROM,ACTIVETO,DELFLAG,UPDATENUM)  values(0,'0',0,0,'0','0',1,1);
insert into CURRENCY(CURRENCYID,CURRENCYNAME,CURRENCYSNAME,CURRENCYRATE,CURRENCYABBR,DELFLAG,UPDATENUM)  values(0,'0','0','0','0',1,1);
insert into MSGSUBCOND(MSGSUBCONDID,MSGSUBCONDNAME,MSGSUBTYPE,DELFLAG,UPDATENUM)  values(0,'0','0',1,1);
insert into PAYMENTSCHEME(PAYMENTSCHEMEID,PAYMENTSCHEMENAME,DELFLAG,UPDATENUM)  values(0,'0',1,1);
insert into PAYMENTSCHEMEITEMS(PAYMENTSCHEMEID,CURRENCYID,ACCOUNTTYPEID,ORDERKEY,DELFLAG,UPDATENUM)  values(0,0,0,0,1,1);
insert into MSGSUBPARAM(MSGSUBPARAMID,MSGSUBCONDID,CASHMSGSUBID,PARAMCOND,PARAMTEXT,ISACTIVE,DELFLAG,UPDATENUM)  values(0,0,'0','0','0',0,1,1);
insert into LOYALTYCLUB(LOYALTYCLUBID,CURRENCYID,ACCUMACCOUNTTYPEID,BONUSACCOUNTTYPEID,CLNTFORMID,LOYALTYCLUBNAME,ASKPINCODE,DELFLAG,UPDATENUM)  values(0,0,0,0,0,'0',0,1,1);
insert into CLNTFORMITEMS(CLNTFORMID,CLNTFORMITEMID,CLNTFORMITEM,ORDERNUM,ISREQUIRED,DELFLAG,UPDATENUM)  values(0,0,'0',0,0,1,1);
insert into BARC(BARCID,BARCNAME,BARCMASK,PREFIXLEN,DELFLAG,UPDATENUM)  values(0,'0','0',0,1,1);
insert into BINARYDATA(BINARYDATAID,BINARYDATAVALUE,BYNARYDATANAME,DELFLAG,UPDATENUM)  values(0,null,'0',1,1);
insert into BONUS(BONUSID,BONUSNAME,BONUSVAL,BONUSCOND,BONUSTIME,BONUSDATE,DELFLAG,UPDATENUM)  values(0,'0','0','0','0','0',1,1);
insert into BONUSOFFER(BONUSOFFERID,BONUSOFFERNAME,BONUSOFFERVAL,BONUSOFFERCOND,BONUSOFFERTIME,BONUSOFFERDATE,DELFLAG,UPDATENUM)  values(0,'0','0','0','0','0',1,1);
insert into COMPANYGRP(COMPANYGRPID,COMPANYGRPNAME,PARENTCOMPANYGRPID,DELFLAG,UPDATENUM)  values(0,'0',0,1,1);
insert into COMPOSCARD(COMPOSCARDID,TASTE,APPEARANCE,NORMMB,NORMFX,COMPOSCARDNUM,CARDCOMMENT,PRODUCTION,FEATURE,MENUWEIGHT,COMPOSCARDDATE,DELFLAG,UPDATENUM)  values(0,'0','0','0','0','0','0','0','0','0','0',1,1);
insert into DISC(DISCID,DISCNAME,DISCVAL,DISCCOND,DISCTIME,DISCDATE,DELFLAG,DISCMANUALINP,UPDATENUM)  values(0,'0','0','0','0','0',1,0,1);
insert into DISCOFFER(DISCOFFERID,DISCOFFERNAME,DISCOFFERVAL,DISCOFFERCOND,DISCOFFERTIME,DISCOFFERDATE,DELFLAG,DISCOFFERMANUALINP,UPDATENUM)  values(0,'0','0','0','0','0',1,0,1);
insert into ARTHOTKEYSET(ARTHOTKEYSETID,ARTHOTKEYSETNAME,DELFLAG,UPDATENUM)  values(0,'0',1,1);
insert into CASHIERGRP(CASHIERGRPID,CASHIERGRPNAME,CASHIERGRPDISABLED,DELFLAG,UPDATENUM)  values(0,'0',0,1,1);
insert into MODGRP(MODGRPID,MODGRPNAME,DELFLAG,UPDATENUM)  values(0,'0',1,1);
insert into MSGSUB(MSGSUBID,MSGSUBCONDID,ISACTIVE,DELFLAG,UPDATENUM)  values('0',0,0,1,1);
insert into FIRM(FIRMID,LOYALTYCLUBID,FIRMNAME,CURRENCYID,FIRMADDR,DOCPREFIX,CERTIFICATENUM,DELFLAG,MAILADDR,UPDATENUM,PHONES,REGISTRYNUM,TAXIDENTNUM,ASKPINCODE)  values(0,0,'0',0,'0','0','0',1,'0',1,'0','0','0',0);
insert into NUMBERS(NUMBERID,NUMBERVALUE,NUMBERNAME,DELFLAG,UPDATENUM)  values(0,0,'0',1,1);
insert into PRCLEVEL(PRCLEVELID,PRCLEVELNAME,PRCLEVELKEY,DELFLAG,UPDATENUM)  values(0,'0',0,1,1);
insert into PRN(PRNID,PRNNAME,PRNSRVNAME,PRNSRVPORT,DELFLAG,UPDATENUM)  values(0,'0','0',0,1,1);
insert into PRNSCHEME(PRNSCHEMEID,PRNSCHEMENAME,DELFLAG,UPDATENUM)  values(0,'0',1,1);
insert into PROPERTYGRP(PROPERTYGRPID,PROPERTYGRPNAME,PROPERTYGRPTYPE,DELFLAG,UPDATENUM)  values(0,'0',0,1,1);
insert into SALEOFFER(SALEOFFERID,SALEOFFERNAME,SALEOFFERVAL,SALEOFFERCOND,SALEOFFERTIME,SALEOFFERDATE,DELFLAG,UPDATENUM)  values(0,'0','0','0','0','0',1,1);
insert into STRINGS(STRINGID,STRINGVALUE,STRINGNAME,DELFLAG,UPDATENUM)  values(0,'0','0',1,1);
insert into SYSLOGPROFILE(SYSLOGPROFILEID,SYSLOGPROFILENAME,SYSLOGPROFILETYPE,DELFLAG,UPDATENUM)  values(0,'0',0,1,1);
insert into TARE(TAREID,TARENAME,TAREWEIGHT,DELFLAG,UPDATENUM)  values(0,'0',0,1,1);
insert into TRFSCHEME(TRFSCHEMEID,TRFSCHEMENAME,TRFSCHEMEPERIOD,DELFLAG,UPDATENUM)  values(0,'0',0,1,1);
insert into TRFTIME(TRFTIMEID,TRFTIMENAME,TRFTIMEBEGIN,TRFTIMEEND,TRFTIMEPRICE,DELFLAG,UPDATENUM)  values(0,'0','0','0',0,1,1);
insert into TXTBIN(TXTBINID,TXTBINCLS,TXTBINTEXT,TXTBINKEY,DELFLAG,UPDATENUM)  values(0,0,'0',0,1,1);
insert into UNIT(UNITID,UNITNAME,UNITFULLNAME,DELFLAG,UPDATENUM)  values(0,'0','0',1,1);
insert into WAREHOUSE(WAREHOUSEID,WAREHOUSENAME,DELFLAG,UPDATENUM)  values(0,'0',1,1);
insert into TAXGRP(TAXGRPID,TAXGRPNAME,TAXGRPRATE,TAXGRPTYPE,DELFLAG,UPDATENUM)  values(0,'0',0,0,1,1);
insert into TRFDAY(TRFDAYOFWEEK,TRFSCHEMEID,TRFDAYPRICE,DELFLAG,UPDATENUM)  values(0,0,0,1,1);
insert into TAX(TAXID,TAXGRPID,TAXNAME,TAXRATE,DELFLAG,UPDATENUM)  values(0,0,'0',0,1,1);
insert into STRPROPERTY(STRPROPERTYKEY,PROPERTYGRPID,STRINGID,DELFLAG,UPDATENUM)  values(0,0,0,1,1);
insert into SYSLOGEVENT(SYSLOGPROFILEID,SYSLOGEVENTCODE,SYSLOGEVENTVALUE,DELFLAG,UPDATENUM)  values(0,0,0,1,1);
insert into NUMPROPERTY(NUMPROPERTYKEY,PROPERTYGRPID,NUMBERID,DELFLAG,UPDATENUM)  values(0,0,0,1,1);
insert into OFFER(OFFERID,DISCOFFERID,BONUSOFFERID,OFFERNAME,SALEOFFERID,OFFERCODE,OFFERAUTOASSIGN,OFFERMANUAL,DELFLAG,UPDATENUM)  values(0,0,0,'0',0,'0',0,0,1,1);
insert into FIRMWAREHOUSE(FIRMID,WAREHOUSEID,DELFLAG,UPDATENUM)  values(0,0,1,1);
insert into COMPANY(COMPANYID,COMPANYGRPID,PURCHPRCLEVELID,COMPANYNAME,COMPANYSNAME,CERTIFICATENUM,MAILADDR,JURIDICALADDR,PHONES,REGISTRYNUM,TAXIDENTNUM,PAYVAT,DELFLAG,UPDATENUM)  values(0,0,0,'0','0','0','0','0','0','0','0',0,1,1);
insert into CASHIERPVG(CASHIERPVGKEY,CASHIERGRPID,CASHIERPVGVALUE,DELFLAG,UPDATENUM)  values(0,0,0,1,1);
insert into CASHPROFILE(CASHPROFILEID,CASHPROFILENAME,SYSLOGPROFILEID,DELFLAG,UPDATENUM)  values(0,'0',0,1,1);
insert into CASHIER(CASHIERID,CASHIERGRPID,CASHIERKEY,CASHIERNAME,CASHIERDISABLED,CASHIERSAREACONTROL,DELFLAG,UPDATENUM)  values(0,0,'0','0',0,0,1,1);
insert into BINPROPERTY(BINPROPERTYKEY,PROPERTYGRPID,BINARYDATAID,DELFLAG,UPDATENUM)  values(0,0,0,1,1);
insert into CLNTGRP(CLNTGRPID,DISCID,BONUSID,CLNTGRPNAME,CLNTGRPMANUAL,CLNTGRPTYPE,DELFLAG,UPDATENUM)  values(0,0,0,'0',0,0,1,1);
insert into CASHPROFILEBPVG(CASHPROFILEBPVGKEY,CASHPROFILEID,CASHPROFILEBPVGVALUE,DELFLAG,UPDATENUM)  values(0,0,null,1,1);
insert into CASHPROFILECOLOR(CASHPROFILECOLORKEY,CASHPROFILEID,CASHPROFILECOLORVALUE,DELFLAG,UPDATENUM)  values(0,0,0,1,1);
insert into CASHPROFILEKEY(CASHPROFILEKEYKEY,CASHPROFILEID,CASHPROFILEKEYVALUE,DELFLAG,UPDATENUM)  values(0,0,0,1,1);
insert into CASHPROFILEPVG(CASHPROFILEPVGKEY,CASHPROFILEID,CASHPROFILEPVGVALUE,DELFLAG,UPDATENUM)  values(0,0,0,1,1);
insert into CASHPROFILESPVG(CASHPROFILESPVGKEY,CASHPROFILEID,CASHPROFILESPVGVALUE,DELFLAG,UPDATENUM)  values(0,0,'0',1,1);
insert into CLNT(CLNTID,CLNTGRPID,COMPANYID,PROPERTYGRPID,CLNTNAME,CLNTBIRTHDAY,LOCKED,DELFLAG,PRIMARYEMAIL,UPDATENUM,PRIMARYPHONE)  values(0,0,0,0,'0','0',0,1,'0',1,'0');
insert into GRP(GRPID,OFFERID,PARENTGRPID,GRPNAME,GRPPICTURE,DELFLAG,UPDATENUM)  values(0,0,0,'0',null,1,1);
insert into SAREA(SAREAID,PRCLEVELID,CASHPROFILEID,ARTHOTKEYSETID,FIRMID,WAREHOUSEID,PRNSCHEMEID,CURRENCYID,SAREANAME,SAREAADDR,DELFLAG,ASKPINCODE,RECEIPTHEADER,RECEIPTFOOTER,UPDATENUM,RECEIPTFIRSTHEADER,RECEIPTENDFOOTER)  values(0,0,0,0,0,0,0,0,'0','0',1,0,'0','0',1,'0','0');
insert into SAUSERPROFILE(SAUSERPROFILEID,SAUSERPROFILENAME,DELFLAG,UPDATENUM)  values(0,'0',1,1);
insert into TRFDAYTRFTIME(TRFDAYOFWEEK,TRFSCHEMEID,TRFTIMEID,DELFLAG,UPDATENUM)  values(0,0,0,1,1);
insert into SAUSERPVG(SAUSERPVGKEY,SAUSERPROFILEID,SAUSERPVGVALUE,DELFLAG,UPDATENUM)  values(0,0,0,1,1);
insert into SDEPT(SDEPTID,SAREAID,SDEPTNAME,DELFLAG,UPDATENUM)  values(0,0,'0',1,1);
insert into SAREATXTBIN(SAREAID,TXTBINID,DELFLAG,UPDATENUM)  values(0,0,1,1);
insert into SAREACASHIER(SAREAID,CASHIERID,DELFLAG,UPDATENUM)  values(0,0,1,1);
insert into SAREACLNTFORM(SAREAID,CLNTFORMID,DELFLAG,UPDATENUM)  values(0,0,1,1);
insert into SAREACLNTGRP(SAREAID,DISCID,DELFLAG,BONUSID,UPDATENUM,CLNTGRPID)  values(0,0,1,0,1,0);
insert into SAREAMSGSUB(SAREAID,MSGSUBID,MSGSUBCONDID,ISACTIVE,DELFLAG,UPDATENUM)  values(0,'0',0,0,1,1);
insert into SAREAOFFER(SAREAID,OFFERID,DISCOFFERID,BONUSOFFERID,DELFLAG,SALEOFFERID,UPDATENUM)  values(0,0,0,0,1,0,1);
insert into SAREAPRC(SAREAID,PRCLEVELID,DELFLAG,UPDATENUM)  values(0,0,1,1);
insert into HALL(HALLID,SAREAID,PRNSCHEMEID,HALLNAME,HALLPICTURE,HALLMINIPICTURE,HALLSORTKEY,HALLFASTKEY,DELFLAG,UPDATENUM)  values(0,0,0,'0',null,null,0,'0',1,1);
insert into EXTGRP(EXTGRPID,SAREAID,PARENTEXTGRPID,EXTGRPNAME,EXTGRPPICTURE,DELFLAG,UPDATENUM)  values(0,0,0,'0',null,1,1);
insert into PRNGRP(PRNGRPID,PRNGRPNAME,DELFLAG,UPDATENUM)  values(0,'0',1,1);
insert into ART(ARTID,GRPID,OFFERID,TAXGRPID,MODGRPID,ARTNAME,COMPOSCARDID,ARTSNAME,ARTCODE,DELFLAG,UPDATENUM)  values(0,0,0,0,0,'0',0,'0',0,1,1);
insert into CLNTPROPERTY(CLNTID,CLNTPROPERTYKEY,CLNTPROPERTYVAL,DELFLAG,UPDATENUM)  values(0,0,'0',1,1);
insert into CLNTSUM(CLNTID,CURRENCYID,LOYALTYCLUBID,CLNTSUM,CLNTBONUS,DELFLAG,UPDATETIME,UPDATENUM)  values(0,0,0,0,0,1,'0',1);
insert into CLNTFORMPROPERTY(CLNTID,CLNTFORMID,CLNTFORMITEMID,CLNTPROPERTYVAL,DELFLAG,UPDATENUM)  values(0,0,0,'0',1,1);
insert into DCARD(DCARDID,CLNTID,DCARDCODE,DCARDNAME,ISPAYMENT,DELFLAG,PINCODE,UPDATENUM,LOCKED)  values('0',0,'0','0',0,1,'0',1,0);
insert into COMPOSINGR(COMPOSINGRID,COMPOSCARDID,ARTID,NETWEIGHT,GROSSWEIGHT,WEIGHT,COMPOSINGRDATE,PURCHPRICE,DELFLAG,UPDATENUM)  values(0,0,0,0,0,0,'0',0,1,1);
insert into ARTEXTGRP(ARTID,EXTGRPID,DELFLAG,UPDATENUM)  values(0,0,1,1);
insert into ARTMODGRP(ARTID,MODGRPID,DELFLAG,UPDATENUM)  values(0,0,1,1);
insert into ARTPRNGRP(ARTID,PRNGRPID,DELFLAG,UPDATENUM)  values(0,0,1,1);
insert into ARTSDEPT(ARTID,SDEPTID,ARTNUM,KEYID,PACKSHELFLIFE,DELFLAG,UPDATENUM)  values(0,0,0,0,0,1,1);
insert into PRNGRPPRNSCHEME(PRNGRPID,PRNSCHEMEID,DELFLAG,UPDATENUM)  values(0,0,1,1);
insert into PRNPRNGRP(PRNID,PRNGRPID,DELFLAG,UPDATENUM)  values(0,0,1,1);
insert into PACK(PACKID,ARTID,BARCID,TAREID,UNITID,OFFERID,PROPERTYGRPID,PACKNAME,PACKQUANT,QUANTMASK,PACKSHELFLIFE,PACKDTYPE,ISDEFAULT,DELFLAG,UPDATENUM)  values(0,0,0,0,0,0,0,'0',0,0,0,0,0,1,1);
insert into PLACE(PLACEID,HALLID,PRNSCHEMEID,PLACENAME,PLACEX,PLACEY,PLACESIZEX,PLACESIZEY,PLACEVIEWTYPE,PLACEPICTURE,PLACECOLOR,PLACEFONTCOLOR,PLACEFONTSIZE,DELFLAG,PLACEFONTBACKCOLOR,PLACETARIFF,UPDATENUM)  values(0,0,0,'0',0,0,0,0,0,null,0,0,0,1,0,0,1);
insert into SAREASAUSER(SAREAID,SAUSERID,DELFLAG,UPDATENUM)  values(0,0,1,1);
insert into PACKPRC(PACKID,PRCLEVELID,TRFSCHEMEID,PACKPRICE,PACKMINPRICE,PACKBONUSMINPRICE,PACKEXTMINPRICE,DELFLAG,UPDATENUM)  values(0,0,0,0,0,0,0,1,1);
insert into ARTHOTKEY(ARTHOTKEYID,ARTHOTKEYSETID,PACKID,ARTHOTKEYSTROKE,DELFLAG,UPDATENUM)  values(0,0,0,'0',1,1);
insert into EXBARC(EXBARCID,PACKID,EXBARCTYPE,EXBARCBODY,DELFLAG,UPDATENUM)  values(0,0,'0','0',1,1);


